{"id":5217,"date":"2020-04-07T22:33:10","date_gmt":"2020-04-07T20:33:10","guid":{"rendered":"https:\/\/koszur.net\/?post_type=product&#038;p=5217"},"modified":"2022-06-27T22:04:30","modified_gmt":"2022-06-27T20:04:30","slug":"vivaldi-ariadne-diskalakis-stuttgart-chamber-orchestra-7-with-one-stroke-concertos-by-antonio-vivaldi","status":"publish","type":"product","link":"https:\/\/koszur.net\/index.php\/product\/vivaldi-ariadne-diskalakis-stuttgart-chamber-orchestra-7-with-one-stroke-concertos-by-antonio-vivaldi\/","title":{"rendered":"VIVALDI <br \/>Ariadne Diskalakis, Stuttgart Chamber Orchestra <br \/>7 With One Stroke! <br \/>Concertos by Antonio Vivaldi"},"content":{"rendered":"<p>The Stuttgart Chamber Orchestra is not made up exclusively of orphan boys &#8211; quite the contrary! On this CD, the &#8222;Schwabenstreicher&#8221; (Swabian string players), as they like to refer to themselves, take on the roles of the orphan girls taught by Antonio Vivaldi and for whom he wrote countless concertos. In the supplementary text, Thomas Seedorf reports that the schoolgirls were all so eager to learn that they could take on whatever solo parts they liked. And because the present-day orphan girls &#8211; led by Ariadne Daskalakis &#8211; were so full of energy, they took care of seven pieces at once &#8211; in one go, as the title gives away. We wish you much enjoyment listening to all of these various impulses, personal timbres and effervescent interpretative ideas!<\/p>\n<h3>Reviews<\/h3>\n<p><img decoding=\"async\" src=\"http:\/\/www.ccd.pl\/covery\/DE.gif\" \/> <a href=\"http:\/\/www.pizzicato.lu\/\" target=\"_blank\" rel=\"noopener noreferrer\">Pizzicato<\/a> (09\/01\/2013):<\/p>\n<p><b>Vivaldi lyrisch und nat\u00fcrlich<\/b><\/p>\n<p>Das Stuttgarter Kammerorchester spielt unter dem Titel 'Vivaldi: 7 with one Stroke&#8217; sechs Konzerte aus Vivaldis 'L&#8217;Estro armonico&#8217; sowie ein Arrangement der 'Tito Manlio-Arie&#8217; 'Il figlio il re&#8217; f\u00fcr Kontrabass und Orchester. <a href=\"http:\/\/www.tacet.de\/main\/seite1.php?layout=katalog&amp;language=en&amp;filename=kritiken.php&amp;id=1280&amp;bestnr=02050\">more&#8230;<\/a><\/p>\n<p><img decoding=\"async\" src=\"http:\/\/www.ccd.pl\/covery\/DE.gif\" \/> <a href=\"http:\/\/www.klassikheute.de\" target=\"_blank\" rel=\"noopener noreferrer\">Klassik heute<\/a> (07\/02\/2013):<\/p>\n<p>An Aufnahmen von Vivaldis Konzerten f\u00fcr Streicher mangelt es wahrhaftig nicht \u2013 wenn ein Ensemble aus diesem unersch\u00f6pflichen Fundus eine CD-Auswahl pr\u00e4sentiert, kann dies nur aus zweierlei Gr\u00fcnden geschehen. <a href=\"http:\/\/www.tacet.de\/main\/seite1.php?layout=katalog&amp;language=en&amp;filename=kritiken.php&amp;id=1241&amp;bestnr=02050\">more&#8230;<\/a><\/p>\n<p><img decoding=\"async\" src=\"http:\/\/www.ccd.pl\/covery\/DE.gif\" \/> <a href=\"http:\/\/www.musikundtheater.ch\" target=\"blank\" rel=\"noopener noreferrer\">Musik &amp; Theater<\/a> (06\/01\/2013):<\/p>\n<p>Was vier Geigen k\u00f6nnen, gelingt auch vier Bratschen. Jedenfalls in Stuttgart, wo die Musiker des Kammerorchesters sechs Vivaldi-Concert f\u00fcr zwei oder mehr Streichinstrumente in ganz verschiedenen Kombinationen eingespielt haben und dabei in allen Solo- und Tutti-Lagen eine sehr gute Figur machen. <a href=\"http:\/\/www.tacet.de\/main\/seite1.php?layout=katalog&amp;language=en&amp;filename=kritiken.php&amp;id=1238&amp;bestnr=02050\">more&#8230;<\/a><\/p>\n<p><img decoding=\"async\" src=\"http:\/\/www.ccd.pl\/covery\/DE.gif\" \/> <a href=\"http:\/\/www.mdr.de\/mdr-figaro\/\" target=\"blank\" rel=\"noopener noreferrer\">MDR Figaro<\/a> (05\/21\/2013):<\/p>\n<p><a href=\"http:\/\/www.mdr.de\/mdr-figaro\/musik\/cddw-vivaldi100.html\" target=\"blank\" rel=\"noopener noreferrer\">&#8211;&gt; zum Original-Artikel<\/a><\/p>\n<p><b>CD der Woche<\/b><\/p>\n<p>(\u2026) Dieser Vivaldi gelingt mit einer heiteren Leichtigkeit, die schlicht der Kraft dieser Musik vertraut und sich jeglicher \u00dcbertriebenheiten enth\u00e4lt &#8211; Gott sei Dank. <a href=\"http:\/\/www.tacet.de\/main\/seite1.php?layout=katalog&amp;language=en&amp;filename=kritiken.php&amp;id=1239&amp;bestnr=02050\">more&#8230;<\/a><\/p>\n<h3>Reviews<\/h3>\n<p><img decoding=\"async\" src=\"http:\/\/www.ccd.pl\/covery\/DE.gif\" \/> S\u00e4chsische Zeitung Dresden (03\/04\/2014):<\/p>\n<p><b>Mittendrin statt nur dabei<\/b><\/p>\n<p>Wie l\u00e4sst sich H\u00f6rern Musik noch n\u00e4her bringen? TACET ist die deutsche Tontr\u00e4gerfirma, die am nachhaltigsten mit allen Arten von Ton-Scheiben experimentiert. Au\u00dfer den Stereo-Medien CD und LP bietet das audiophile Label SACD, DVD-Audio und Blu-ray Audio mit Mehrkanal-Surround-Aufnahmen an. <a href=\"http:\/\/www.tacet.de\/main\/seite1.php?layout=katalog&amp;language=en&amp;filename=kritiken.php&amp;id=1301&amp;bestnr=02055\">more&#8230;<\/a><\/p>\n<p>&nbsp;<\/p>\n<p><img decoding=\"async\" style=\"border-style: groove;\" src=\"https:\/\/koszur.net\/wp-content\/uploads\/2020\/04\/TAC205BL_mini.jpeg\" alt=\"\" width=\"400\" height=\"399\" \/><\/p>\n<p>Ariadne Daskalakis &#8211; 7 With One Stroke!: Concertos by Antonio Vivaldi<\/p>\n<p>Concerto for 3 violins, strings &amp; continuo in F major, RV 551 &#8211;<br \/>\n01. (Allegro) (4:26)<br \/>\n02. Andante (2:13)<br \/>\n03. (Allegro) (3:08)<\/p>\n<p>Double Concerto, for violin &amp; cello, strings &amp; continuo in B flat major, RV 547 &#8211;<br \/>\n04. Allegro (moderato) (4:06)<br \/>\n05. Andante (1:52)<br \/>\n06. Allegro molto (2:55)<\/p>\n<p>Concerto for 4 violins, strings &amp; continuo in E minor (&#8222;L&#8217;estro armonico&#8221; No. 4), Op. 3\/4, RV 550 &#8211;<br \/>\n07. Andante (2:25)<br \/>\n08. Allegro assai (2:15)<br \/>\n09. Adagio (0:36)<br \/>\n10. Allegro (2:06)<\/p>\n<p>Double Cello Concerto, for 2 cellos, strings &amp; continuo in G minor, RV 531 &#8211;<br \/>\n11. Allegro (3:12)<br \/>\n12. Largo (4:16)<br \/>\n13. Allegro (3:06)<\/p>\n<p>Double Violin Concerto, for 2 violins, strings &amp; continuo in A minor (&#8222;L&#8217;estro armonico&#8221; No. 8), Op. 3\/8, RV 522 &#8211;<br \/>\n14. Allegro (3:29)<br \/>\n15. Larghetto e spiritoso (3:09)<br \/>\n16. Allegro (3:11)<\/p>\n<p>Concerto for 4 violins, cello, strings &amp; continuo in B minor (&#8222;L&#8217;estro armonico&#8221; No. 10) Op. 3\/10, RV 580 &#8211;<br \/>\n17. Allegro (3:55)<br \/>\n18. Larghetto (2:09)<br \/>\n19. Allegro (3:27)<\/p>\n<p>20. Tito Manlio (II), opera in 3 acts (Act 3 only), RV 778 &#8211; Aria. Il figlio, il reo (4:14)<\/p>\n<div class=\"samples\" id=\"mainwrap\">\n                <div id=\"nowPlay\">\n                    <span id=\"npAction\">Paused...<\/span><span id=\"npTitle\"><\/span>\n                <\/div>\n                <div id=\"audiowrap\" class=\"row\">\n                    <div id=\"audio0\" class=\"col-md-9\">\n                        <audio id=\"audio1\" preload controls>Your browser does not support HTML5 Audio! \ud83d\ude22<\/audio>\n                    <\/div>\n                    <div id=\"tracks\" class=\"col-md-3\">\n                        <a id=\"btnPrev\">&larr;<\/a><a id=\"btnNext\">&rarr;<\/a>\n                    <\/div>\n                <\/div>\n                <div id=\"plwrap\">\n                    <ul id=\"plList\"><\/ul>\n                <\/div>\n            <\/div>\n","protected":false},"excerpt":{"rendered":"<p>The Stuttgart Chamber Orchestra is not made up exclusively of orphan boys &#8211; quite the contrary! On this CD, the &#8222;Schwabenstreicher&#8221; (Swabian string players), as they like to refer to themselves, take on the roles of the orphan girls taught by Antonio Vivaldi and for whom he wrote countless concertos. In the supplementary text, Thomas [&hellip;]<\/p>\n","protected":false},"featured_media":5200,"comment_status":"open","ping_status":"closed","template":"","meta":[],"product_brand":[],"product_cat":[156],"product_tag":[163,164,161,162],"class_list":{"0":"post-5217","1":"product","2":"type-product","3":"status-publish","4":"has-post-thumbnail","6":"product_cat-muzyka-dawna","7":"product_tag-ariadne-diskalakis","8":"product_tag-stuttgart-chamber-orchestra","9":"product_tag-tacet","10":"product_tag-vivaldi","12":"first","13":"instock","14":"shipping-taxable","15":"purchasable","16":"product-type-variable"},"_links":{"self":[{"href":"https:\/\/koszur.net\/index.php\/wp-json\/wp\/v2\/product\/5217","targetHints":{"allow":["GET"]}}],"collection":[{"href":"https:\/\/koszur.net\/index.php\/wp-json\/wp\/v2\/product"}],"about":[{"href":"https:\/\/koszur.net\/index.php\/wp-json\/wp\/v2\/types\/product"}],"replies":[{"embeddable":true,"href":"https:\/\/koszur.net\/index.php\/wp-json\/wp\/v2\/comments?post=5217"}],"wp:featuredmedia":[{"embeddable":true,"href":"https:\/\/koszur.net\/index.php\/wp-json\/wp\/v2\/media\/5200"}],"wp:attachment":[{"href":"https:\/\/koszur.net\/index.php\/wp-json\/wp\/v2\/media?parent=5217"}],"wp:term":[{"taxonomy":"product_brand","embeddable":true,"href":"https:\/\/koszur.net\/index.php\/wp-json\/wp\/v2\/product_brand?post=5217"},{"taxonomy":"product_cat","embeddable":true,"href":"https:\/\/koszur.net\/index.php\/wp-json\/wp\/v2\/product_cat?post=5217"},{"taxonomy":"product_tag","embeddable":true,"href":"https:\/\/koszur.net\/index.php\/wp-json\/wp\/v2\/product_tag?post=5217"}],"curies":[{"name":"wp","href":"https:\/\/api.w.org\/{rel}","templated":true}]}}