{"id":6989,"date":"2021-07-24T20:01:42","date_gmt":"2021-07-24T18:01:42","guid":{"rendered":"https:\/\/koszur.net\/?page_id=6989"},"modified":"2022-05-27T11:00:14","modified_gmt":"2022-05-27T09:00:14","slug":"wyraz","status":"publish","type":"page","link":"https:\/\/koszur.net\/index.php\/wyraz\/","title":{"rendered":"Wyraz"},"content":{"rendered":"<p>[vc_row][vc_column]<div class=\"sc_section\"><div class=\"sc_section_inner\">[evc_interactive_banner type=&#8221;bordered&#8221; icon_library=&#8221;linecons&#8221; title_tag=&#8221;h1&#8243; image=&#8221;6993&#8243; image_size=&#8221;full&#8221; title=&#8221;Piaszczenie \u017cycia&#8221; text=&#8221;Podobno&#8230; Podobno na wszystkie pytania udzielono ju\u017c odpowiedzi. Z wyj\u0105tkiem jednego &#8211; czy zadano ju\u017c wszystkie pytania?&#8221; text_top_margin=&#8221;Piaszczenie \u017cycia!&#8221;]<\/div><\/div>[vc_separator border_width=&#8221;3&#8243;][vc_empty_space]<blockquote class=\"sc_quote\"><p>&#8211; Dziadku, ale ja chyba nie przeczytam wszystkich moich ksi\u0105\u017cek, bo musz\u0119 jeszcze gra\u0107 na skrzypcach&#8230;<\/p>\n<p>&#8211; A wiesz, \u017ce Arthur Rubinstein uczy\u0142 si\u0119 partytury i jednocze\u015bnie czyta\u0142 ksi\u0105\u017cki, mo\u017ce nawet przygodowe?<\/p>\n<p>&#8211; Ale ja mam na imi\u0119 Ignacy, przecie\u017c wiesz.<\/p>\n<p>&#8211; Hm.. ale mo\u017cemy si\u0119 um\u00f3wi\u0107, \u017ce od dzi\u015b b\u0119dziesz Ignacym Arthurem?<\/p>\n<p>&#8211; Ale \u015bmieszne&#8230; Mog\u0119 spr\u00f3bowa\u0107!<\/p><\/blockquote><div class=\"sc_dropcaps sc_dropcaps_style_1\"><span class=\"sc_dropcaps_item\">K<\/span>Iedy otwierasz ksi\u0105\u017ck\u0119, zazwyczaj czujesz jej g\u0142\u0119boki wydech&#8230; Nie zauwa\u017cy\u0142e\u015b?<\/p>\n<p>Mia\u0142em tysi\u0105c dwadzie\u015bcia sze\u015b\u0107 sposob\u00f3w na sprawdzenie, czy ta ksi\u0105\u017cka jest dla mnie. Otwiera\u0142em na chybi\u0142 trafi\u0142 i zaczyna\u0142em czyta\u0107. Je\u015bli to pierwsze przeczytane zdanie nie oszo\u0142omi\u0142o, nie poderwa\u0142o wyobra\u017ani &#8211; odk\u0142ada\u0142em.<\/p>\n<p>Wykonywa\u0142em dwa ruchy g\u0142ow\u0105 w lewo, trzy w prawo, przesuwa\u0142em si\u0119 o krok w bok i ca\u0142kiem przypadkiem si\u0119ga\u0142em po pierwsz\u0105 z brzegu ksi\u0105\u017ck\u0119, kt\u00f3ra &#8211; o, jak mi\u0142o, by\u0142a t\u0105 sam\u0105, kt\u00f3r\u0105 od\u0142o\u017cy\u0142em przed chwil\u0105.<\/p>\n<p>Przyst\u0119powa\u0142em do bezkompromisowego testu. Odwraca\u0142em j\u0105 do g\u00f3ry nogami, otwiera\u0142em w dowolnym miejscu i zaczyna\u0142em czyta\u0107 . Je\u015bli uda\u0142o mi si\u0119 p\u0142ynnie przej\u015b\u0107 przez ca\u0142y akapit &#8211; uznawa\u0142em, \u017ce ksi\u0105\u017cka zaliczy\u0142a m\u00f3j morderczy test. Napisana jest dobrze, j\u0119zykiem przyst\u0119pnym odczytywanym r\u00f3wnie dobrze w trybie normalnym jak i do-g\u00f3ro-no\u017cnym.<\/p>\n<p>Dobra ksi\u0105\u017cka to ta, kt\u00f3ra zawiesza ci\u0119 w stanie innej niewa\u017cko\u015bci.<\/p>\n<p>Przed d\u0142ugi czas by\u0142em na ksi\u0105\u017ckowym g\u0142odzie. Sta\u0142em w bibliotece mi\u0119dzy p\u00f3\u0142kami i si\u0119ga\u0142em po kolejny tom. Czyta\u0142em akapit, dwa i je\u015bli by\u0142em w stanie wymy\u015bli\u0107 moj\u0105 wersj\u0119 akapitu trzeciego i kolejnych &#8211; ksi\u0105\u017ck\u0119 &#8222;zalicza\u0142em&#8221;, poleca\u0142em innym. Dobra, \u015bwietnie wchodzi, poch\u0142onie ci\u0119.<\/p>\n<p>Kt\u00f3ry autor nie chcia\u0142by otrzymywa\u0107 takich recenzji?[vc_separator border_width=&#8221;4&#8243;][vc_empty_space]<\/div><div class=\"columns_wrap sc_columns columns_nofluid sc_columns_count_2\"><div class=\"column-1_2 sc_column_item sc_column_item_1 odd first\">[evc_image_with_text image=&#8221;7531&#8243; title=&#8221;Kapitan kapitan\u00f3w&#8221; text=&#8221;Legenda polskiej marynarki, cz\u0142owiek, spod r\u0119ki kt\u00f3rego wysz\u0142o kilka pokole\u0144 polskich marynarzy i oficer\u00f3w. Wz\u00f3r cn\u00f3t i warto\u015bci.&#8221; custom_link=&#8221;url:https%3A%2F%2Fkoszur.net%2Findex.php%2Fkapitan-kapitanow-2%2F|title:Kapitan%20kapitan%C3%B3w||&#8221;][vc_empty_space]<\/div><div class=\"column-1_2 sc_column_item sc_column_item_2 even\">[evc_image_with_text image=&#8221;7535&#8243; title=&#8221;Pierwsze wy nauciarze, pierwsze okr\u0119tniki&#8221; text=&#8221;Dzieje krotochwilne, tragiczne i zwyczajne pierwszego pokolenia polskich marynarzy, absolwent\u00f3w Szko\u0142y Morskiej w Tczewie 1920-1930&#8243; custom_link=&#8221;url:https%3A%2F%2Fkoszur.net%2Findex.php%2Fnauciarze%2F|title:Pierwsze%20wy%20nauciarze%2C%20pierwsze%20okr%C4%99tniki||&#8221;][vc_empty_space]<\/div><div class=\"column-1_2 sc_column_item sc_column_item_3 odd\">[evc_image_with_text image=&#8221;8544&#8243; title=&#8221;Ojciec Kosko&#8221; text=&#8221;Cz\u0142owiek &#8211; emblemat pierwszego pokolenia polskich marynarzy, wykszta\u0142conych po odzyskaniu niepodleg\u0142o\u015bci w 1918 roku. \u017beglarz, patriota, marzyciel &#8211; by\u0142 wsz\u0119dzie tam, gdzie polskie mozre zapisywa\u0142\u00f3s woje najnowsze dzieje.&#8221; custom_link=&#8221;url:https%3A%2F%2Fkoszur.net%2Findex.php%2Fojciec-kosko%2F|title:Pierwsze%20wy%20nauciarze%2C%20pierwsze%20okr%C4%99tniki|target:%20_blank|&#8221;][vc_empty_space]<\/div><\/div>[\/vc_column][\/vc_row][vc_row][vc_column][vc_empty_space][vc_text_separator title=&#8221;Opisa\u0107? Wszystko? Czy to konieczne?&#8221; i_icon_fontawesome=&#8221;fa fa-mixcloud&#8221; border_width=&#8221;3&#8243; add_icon=&#8221;true&#8221;][vc_empty_space]\n<div class=\"wpcf7 no-js\" id=\"wpcf7-f7212-o1\" lang=\"pl-PL\" dir=\"ltr\" data-wpcf7-id=\"7212\">\n<div class=\"screen-reader-response\"><p role=\"status\" aria-live=\"polite\" aria-atomic=\"true\"><\/p> <ul><\/ul><\/div>\n<form action=\"\/index.php\/wp-json\/wp\/v2\/pages\/6989#wpcf7-f7212-o1\" method=\"post\" class=\"wpcf7-form init\" aria-label=\"Formularz kontaktowy\" novalidate=\"novalidate\" data-status=\"init\">\n<fieldset class=\"hidden-fields-container\"><input type=\"hidden\" name=\"_wpcf7\" value=\"7212\" \/><input type=\"hidden\" name=\"_wpcf7_version\" value=\"6.1.5\" \/><input type=\"hidden\" name=\"_wpcf7_locale\" value=\"pl_PL\" \/><input type=\"hidden\" name=\"_wpcf7_unit_tag\" value=\"wpcf7-f7212-o1\" \/><input type=\"hidden\" name=\"_wpcf7_container_post\" value=\"0\" \/><input type=\"hidden\" name=\"_wpcf7_posted_data_hash\" value=\"\" \/><input type=\"hidden\" name=\"_wpcf7_recaptcha_response\" value=\"\" \/>\n<\/fieldset>\n<div class=\"form_info\">\n\t<p><span class=\"wpcf7-form-control-wrap\" data-name=\"text-173\"><input size=\"40\" maxlength=\"400\" class=\"wpcf7-form-control wpcf7-text wpcf7-validates-as-required\" aria-required=\"true\" aria-invalid=\"false\" placeholder=\"Imie i nazwisko*\" value=\"\" type=\"text\" name=\"text-173\" \/><\/span><span class=\"wpcf7-form-control-wrap\" data-name=\"email-273\"><input size=\"40\" maxlength=\"400\" class=\"wpcf7-form-control wpcf7-email wpcf7-validates-as-required wpcf7-text wpcf7-validates-as-email\" aria-required=\"true\" aria-invalid=\"false\" placeholder=\"E-mail*\" value=\"\" type=\"email\" name=\"email-273\" \/><\/span>\n\t<\/p>\n<\/div>\n<div class=\"form_subject\">\n\t<p><span class=\"wpcf7-form-control-wrap\" data-name=\"your-subject\"><input size=\"40\" maxlength=\"400\" class=\"wpcf7-form-control wpcf7-text\" aria-invalid=\"false\" placeholder=\"Temat\" value=\"\" type=\"text\" name=\"your-subject\" \/><\/span>\n\t<\/p>\n<\/div>\n<p><span class=\"wpcf7-form-control-wrap\" data-name=\"textarea-472\"><textarea cols=\"40\" rows=\"10\" maxlength=\"2000\" class=\"wpcf7-form-control wpcf7-textarea wpcf7-validates-as-required\" aria-required=\"true\" aria-invalid=\"false\" placeholder=\"Message\" name=\"textarea-472\"><\/textarea><\/span><br \/>\n<span class=\"wpcf7-form-control-wrap\" data-name=\"acceptance-381\"><span class=\"wpcf7-form-control wpcf7-acceptance\"><span class=\"wpcf7-list-item\"><label><input type=\"checkbox\" name=\"acceptance-381\" value=\"1\" aria-invalid=\"false\" \/><span class=\"wpcf7-list-item-label\">Wyra\u017cam zgod\u0119 na gromadzenie i przechowywanie moich danych adresowych na potrzeby tej korespondencji.<\/span><\/label><\/span><\/span><\/span>\n<\/p>\n<div class=\"form_button\">\n\t<p><input class=\"wpcf7-form-control wpcf7-submit has-spinner\" type=\"submit\" value=\"Wysy\u0142am\" \/>\n\t<\/p>\n<\/div><div class=\"wpcf7-response-output\" aria-hidden=\"true\"><\/div>\n<\/form>\n<\/div>\n[\/vc_column][\/vc_row]<\/p>\n","protected":false},"excerpt":{"rendered":"<p>[vc_row][vc_column][vc_separator border_width=&#8221;3&#8243;][vc_empty_space][\/vc_column][\/vc_row][vc_row][vc_column][vc_empty_space][vc_text_separator title=&#8221;Opisa\u0107? Wszystko? Czy to konieczne?&#8221; i_icon_fontawesome=&#8221;fa fa-mixcloud&#8221; border_width=&#8221;3&#8243; add_icon=&#8221;true&#8221;][vc_empty_space][\/vc_column][\/vc_row]<\/p>\n","protected":false},"author":990004,"featured_media":0,"parent":0,"menu_order":0,"comment_status":"closed","ping_status":"closed","template":"","meta":{"footnotes":""},"class_list":["post-6989","page","type-page","status-publish","hentry"],"_links":{"self":[{"href":"https:\/\/koszur.net\/index.php\/wp-json\/wp\/v2\/pages\/6989","targetHints":{"allow":["GET"]}}],"collection":[{"href":"https:\/\/koszur.net\/index.php\/wp-json\/wp\/v2\/pages"}],"about":[{"href":"https:\/\/koszur.net\/index.php\/wp-json\/wp\/v2\/types\/page"}],"author":[{"embeddable":true,"href":"https:\/\/koszur.net\/index.php\/wp-json\/wp\/v2\/users\/990004"}],"replies":[{"embeddable":true,"href":"https:\/\/koszur.net\/index.php\/wp-json\/wp\/v2\/comments?post=6989"}],"version-history":[{"count":57,"href":"https:\/\/koszur.net\/index.php\/wp-json\/wp\/v2\/pages\/6989\/revisions"}],"predecessor-version":[{"id":8561,"href":"https:\/\/koszur.net\/index.php\/wp-json\/wp\/v2\/pages\/6989\/revisions\/8561"}],"wp:attachment":[{"href":"https:\/\/koszur.net\/index.php\/wp-json\/wp\/v2\/media?parent=6989"}],"curies":[{"name":"wp","href":"https:\/\/api.w.org\/{rel}","templated":true}]}}