{"id":6486,"date":"2020-07-25T18:26:04","date_gmt":"2020-07-25T16:26:04","guid":{"rendered":"https:\/\/koszur.net\/?page_id=6486"},"modified":"2021-11-07T19:56:50","modified_gmt":"2021-11-07T18:56:50","slug":"nauciarze-od-autora","status":"publish","type":"page","link":"https:\/\/koszur.net\/index.php\/nauciarze-od-autora\/","title":{"rendered":"Nauciarze &#8211; Od Autora"},"content":{"rendered":"<p>[vc_row][vc_column]<div class=\"sc_section\"><div class=\"sc_section_inner\">[evc_image_with_text image_behavior=&#8221;lightbox&#8221; image=&#8221;6483&#8243; image_size=&#8221;full&#8221; title=&#8221;Kolebka nawigator\u00f3w&#8221; text=&#8221;Pierwszy polski statek szkolny &#8222;Lw\u00f3w&#8222;&#8221;]<\/div><\/div>[vc_column_text]<em><div class=\"sc_infobox sc_infobox_style_regular sc_infobox_iconed no\" data-animation=\"animated bounceIn normal\" style=\"color:#000000;\">Mi\u0142o\u015b\u0107 do morza, do kt\u00f3rej pewni ludzie i pewne narody przyznaj\u0105 si\u0119 z tak\u0105 gorliwo\u015bci\u0105, jest uczuciem z\u0142o\u017conym; sk\u0142ada si\u0119 na ni\u0105 wiele dumy, sporo musu, a najlepsza i najistotniejsza jej cz\u0119\u015b\u0107 to przywi\u0105zanie do okr\u0119t\u00f3w, niestrudzonych s\u0142u\u017cebnik\u00f3w naszych nadziei i naszej godno\u015bci.<\/em><a href=\"#_ftn1\" name=\"_ftnref1\">[1]\u00a0<\/a><\/p>\n<p><em><span style=\"color: #800000;\"><\/div><\/span><\/em><\/p>\n<p>&nbsp;<\/p>\n<p>W polskiej tradycji morskiej takim conradowskim statkiem symbolem jest &#8222;Dar Pomorza&#8221;. Na pok\u0142adzie Bia\u0142ej Fregaty, najpi\u0119kniejszego \u017caglowca XX wieku, setki m\u0142odych ludzi uczy\u0142o si\u0119 morskiego rzemios\u0142a. Przez 50 lat s\u0142u\u017cby pod polsk\u0105 bander\u0105 &#8222;Dar&#8221; uczestniczy\u0142 w najznamienitszych regatach \u015bwiata, by\u0142 ich ozdob\u0105. Kiedy na zimowe le\u017ce stawa\u0142 przy gdy\u0144skim Skwerze Ko\u015bciuszki, przyci\u0105ga\u0142 tysi\u0105ce os\u00f3b, niezmiennie zafascynowanych jego urod\u0105 i legend\u0105. I ka\u017cdy musia\u0142 fregat\u0119 pokocha\u0107. Nie tylko dlatego, \u017ce pi\u0119kna. Nam, Polakom, zawsze imponowa\u0142y dzielno\u015b\u0107 i up\u00f3r, wyj\u0105tkowo\u015b\u0107 i romantyka. A &#8222;Dar Pomorza&#8221; by\u0142 w\u0142a\u015bnie z charakteru taki typowo polski. Jako trzeci<a href=\"#_ftn2\" name=\"_ftnref2\">[2]<\/a> w historii statek p\u0142ywaj\u0105cy pod bia\u0142o &#8211; czerwon\u0105 bander\u0105 przeci\u0105\u0142 r\u00f3wnik, z uporem przemierza\u0142 nieznane nam dotychczas szlaki, pierwszy w polskiej flocie op\u0142yn\u0105\u0142 \u015bwiat.<a href=\"#_ftn3\" name=\"_ftnref3\">[3]<\/a><\/p>\n<p>W ostatnich latach swej s\u0142u\u017cby zdoby\u0142 wyr\u00f3\u017cnienie najwa\u017cniejsze &#8211; &#8222;Cutty Sark&#8221;, srebrn\u0105 replik\u0119 s\u0142ynnego klipra, symbol morskiego braterstwa i wsp\u00f3\u0142pracy.<a href=\"#_ftn4\" name=\"_ftnref4\">[4]<\/a><\/p>\n<p>Na pok\u0142adzie &#8222;Daru&#8221; zapisano najpi\u0119kniejsze karty naszej historii morskiej. M\u0142odzi ludzie \u015bnili o \u017ceglowaniu, sp\u0119dzeniu cho\u0107by paru chwil z Bia\u0142\u0105 Dam\u0105 Ocean\u00f3w.\u00a0 Podekscytowani uciekali z domu, by urzeczywistni\u0107 swoje marzenia.<\/p>\n<p>By\u0142 to wi\u0119c statek jedyny i wyj\u0105tkowy&#8230;<\/p>\n<p>Zanim jednak zacz\u0119\u0142a si\u0119 historia i legenda &#8222;Daru&#8221;, p\u0142ywa\u0142 pod polsk\u0105 bander\u0105 &#8222;Lw\u00f3w&#8221;. Przez par\u0119 lat pe\u0142ni\u0142 funkcj\u0119 naszej jednostki flagowej. Stary, poczciwy, zas\u0142u\u017cony bark. I jak\u017ce pi\u0119kny!<\/p>\n<blockquote><p><em>Gdy p\u0142ynie pod pe\u0142nymi \u017caglami, spotkane statki cz\u0119sto zmieniaj\u0105 kurs, aby go z bliska obejrze\u0107 i porozmawia\u0107 z jego za\u0142og\u0105 za pomoc\u0105 radia, czy sygna\u0142\u00f3w; okr\u0119ty pasa\u017cerskie przechylaj\u0105 si\u0119 gwa\u0142townie ku utrapieniu za\u0142\u00f3g, gdy\u017c podr\u00f3\u017cni rzucaj\u0105 si\u0119 na jego widok do burty; pomimo, \u017ce nie jest statkiem wojennym, salutuj\u0105 go zawsze, a nawet \u2013 zaszczyt nie lada \u2013 jaki\u015b spotkany na Atlantyku niemiecki olbrzym parowy d\u0142ugo rycza\u0142 syren\u0105, rozczulony widokiem tego cacka ocean\u00f3w<\/em>.<a href=\"#_ftn5\" name=\"_ftnref5\">[5]<\/a><\/p><\/blockquote>\n<p>To w\u0142a\u015bnie \u201eLw\u00f3w\u201d by\u0142 pierworodnym synem polskiego morza i dziewiczej jeszcze, jak\u017ce ufnej w spe\u0142nienie wszelkich marze\u0144 m\u0142odej pa\u0144stwowo\u015bci polskiej. To on skupia\u0142 na sobie uwag\u0119 niepokornych i ponad miar\u0119 rozwartych oczu, ch\u0142on\u0105cych wie\u015bci ze \u015bwiata, \u00a0si\u0119gaj\u0105cych moc\u0105 odwiecznego atawizmu ku nieznanemu. Jego burty skrywa\u0142y i roznieca\u0142y my\u015bli wolne od zw\u0105tpienia i \u017c\u0105dne miary przynale\u017cnej herosom tylko. Wi\u00f3d\u0142 przez popio\u0142y morderczych sztorm\u00f3w i kaskady pal\u0105cego s\u0142o\u0144ca ch\u0142opc\u00f3w, dla kt\u00f3rych jak\u017ce cz\u0119sto piaskownic\u0105 by\u0142 okop, a frygaj\u0105cy na wietrze wiatraczek zamienili na bagnet.<\/p>\n<p>Do\u015bwiadczony bole\u015bnie mitr\u0119g\u0105 typow\u0105 dla oceanicznego bur\u0142aka, teraz okrywa\u0142 blizny i kikuty, pami\u0105tki po sztormach i nawa\u0142nicach, kwiecistym p\u0142\u00f3tnem rodzimej publicystyki morskiej i retoryki polityk\u00f3w. Sta\u0142 si\u0119 symbolem i piecz\u0119ci\u0105 tajemn\u0105. Ka\u017cdy o nim s\u0142ysza\u0142, ka\u017cdy \u015bledzi\u0142 jego rejsy. By\u0142 dowodem naszej mocarstwowo\u015bci morskiej, a zarazem figowym listkiem niemocy w zakresie budowy statk\u00f3w i floty wojennej, flotylli rybackiej i jednostek pasa\u017cerskich. By\u0142 jedynym. Najwa\u017cniejszym. A ci, kt\u00f3rzy na jego pok\u0142adzie, pod jego \u017caglami dosypiali \u00f3w sen o morskiej pot\u0119dze, uchodzili za kolumb\u00f3w, magellan\u00f3w, wr\u0119cz \u2013 argonaut\u00f3w! Ci z rocznika pierwszego i dw\u00f3ch nast\u0119pnych rzeczywi\u015bcie przeszli do legendy. Wielu \u2013 uciek\u0142o, nie wytrwa\u0142o w beznadziejnej cz\u0119sto u\u0142udzie, pow\u0119drowa\u0142o za chlebem, odesz\u0142o z morza. Garstka wytrwa\u0142a. Wbrew wszystkiemu! I o nich w\u0142a\u015bnie jest ta opowie\u015b\u0107. O <em>pierwszych polskich nauciarzach, pierwszych okr\u0119tnikach&#8230;<\/em> <a href=\"#_ftn6\" name=\"_ftnref6\">[6]<\/a>. O marzeniu ponad miar\u0119 &#8211; ale spe\u0142nionym; o uporze wykraczaj\u0105cym poza zdrowy rozs\u0105dek \u2013 ale urzeczywistnionym, jak chyba \u017caden inny polski sen. Jest to te\u017c opowie\u015b\u0107 ich statku, <em>kt\u00f3ry by\u0142 niestrudzonym s\u0142u\u017cebnikiem naszych nadziei i naszej godno\u015bci.<\/em><a href=\"#_ftn7\" name=\"_ftnref7\">[7]<\/a><\/p>\n<p>&nbsp;<\/p>\n<p>&nbsp;<\/p>\n<p>Szczecin \u2013 We\u0142ty\u0144 \u2013 Steinwiesen \u2013 Miedzyzdroje \u2013 Bergholz \u00a01978-2020<\/p>\n<p><a href=\"#_ftnref1\" name=\"_ftn1\"><\/a><\/p>\n<p><a href=\"#_ftnref1\" name=\"_ftn1\"><\/a>[\/vc_column_text][vc_empty_space][vc_text_separator title=&#8221;Gdybym m\u00f3g\u0142 by\u0107 z nimi&#8230;&#8221; i_icon_fontawesome=&#8221;fa fa-life-ring&#8221; border_width=&#8221;3&#8243; add_icon=&#8221;true&#8221;][vc_empty_space]\n<div class=\"wpcf7 no-js\" id=\"wpcf7-f7212-o1\" lang=\"pl-PL\" dir=\"ltr\" data-wpcf7-id=\"7212\">\n<div class=\"screen-reader-response\"><p role=\"status\" aria-live=\"polite\" aria-atomic=\"true\"><\/p> <ul><\/ul><\/div>\n<form action=\"\/index.php\/wp-json\/wp\/v2\/pages\/6486#wpcf7-f7212-o1\" method=\"post\" class=\"wpcf7-form init\" aria-label=\"Formularz kontaktowy\" novalidate=\"novalidate\" data-status=\"init\">\n<fieldset class=\"hidden-fields-container\"><input type=\"hidden\" name=\"_wpcf7\" value=\"7212\" \/><input type=\"hidden\" name=\"_wpcf7_version\" value=\"6.1.5\" \/><input type=\"hidden\" name=\"_wpcf7_locale\" value=\"pl_PL\" \/><input type=\"hidden\" name=\"_wpcf7_unit_tag\" value=\"wpcf7-f7212-o1\" \/><input type=\"hidden\" name=\"_wpcf7_container_post\" value=\"0\" \/><input type=\"hidden\" name=\"_wpcf7_posted_data_hash\" value=\"\" \/><input type=\"hidden\" name=\"_wpcf7_recaptcha_response\" value=\"\" \/>\n<\/fieldset>\n<div class=\"form_info\">\n\t<p><span class=\"wpcf7-form-control-wrap\" data-name=\"text-173\"><input size=\"40\" maxlength=\"400\" class=\"wpcf7-form-control wpcf7-text wpcf7-validates-as-required\" aria-required=\"true\" aria-invalid=\"false\" placeholder=\"Imie i nazwisko*\" value=\"\" type=\"text\" name=\"text-173\" \/><\/span><span class=\"wpcf7-form-control-wrap\" data-name=\"email-273\"><input size=\"40\" maxlength=\"400\" class=\"wpcf7-form-control wpcf7-email wpcf7-validates-as-required wpcf7-text wpcf7-validates-as-email\" aria-required=\"true\" aria-invalid=\"false\" placeholder=\"E-mail*\" value=\"\" type=\"email\" name=\"email-273\" \/><\/span>\n\t<\/p>\n<\/div>\n<div class=\"form_subject\">\n\t<p><span class=\"wpcf7-form-control-wrap\" data-name=\"your-subject\"><input size=\"40\" maxlength=\"400\" class=\"wpcf7-form-control wpcf7-text\" aria-invalid=\"false\" placeholder=\"Temat\" value=\"\" type=\"text\" name=\"your-subject\" \/><\/span>\n\t<\/p>\n<\/div>\n<p><span class=\"wpcf7-form-control-wrap\" data-name=\"textarea-472\"><textarea cols=\"40\" rows=\"10\" maxlength=\"2000\" class=\"wpcf7-form-control wpcf7-textarea wpcf7-validates-as-required\" aria-required=\"true\" aria-invalid=\"false\" placeholder=\"Message\" name=\"textarea-472\"><\/textarea><\/span><br \/>\n<span class=\"wpcf7-form-control-wrap\" data-name=\"acceptance-381\"><span class=\"wpcf7-form-control wpcf7-acceptance\"><span class=\"wpcf7-list-item\"><label><input type=\"checkbox\" name=\"acceptance-381\" value=\"1\" aria-invalid=\"false\" \/><span class=\"wpcf7-list-item-label\">Wyra\u017cam zgod\u0119 na gromadzenie i przechowywanie moich danych adresowych na potrzeby tej korespondencji.<\/span><\/label><\/span><\/span><\/span>\n<\/p>\n<div class=\"form_button\">\n\t<p><input class=\"wpcf7-form-control wpcf7-submit has-spinner\" type=\"submit\" value=\"Wysy\u0142am\" \/>\n\t<\/p>\n<\/div><div class=\"wpcf7-response-output\" aria-hidden=\"true\"><\/div>\n<\/form>\n<\/div>\n[\/vc_column][\/vc_row]<\/p>\n","protected":false},"excerpt":{"rendered":"<p>[vc_row][vc_column][vc_column_text] &nbsp; W polskiej tradycji morskiej takim conradowskim statkiem symbolem jest &#8222;Dar Pomorza&#8221;. Na pok\u0142adzie Bia\u0142ej Fregaty, najpi\u0119kniejszego \u017caglowca XX wieku, setki m\u0142odych ludzi uczy\u0142o si\u0119 morskiego rzemios\u0142a. Przez 50 lat s\u0142u\u017cby pod polsk\u0105 bander\u0105 &#8222;Dar&#8221; uczestniczy\u0142 w najznamienitszych regatach \u015bwiata, by\u0142 ich ozdob\u0105. Kiedy na zimowe le\u017ce stawa\u0142 przy gdy\u0144skim Skwerze Ko\u015bciuszki, przyci\u0105ga\u0142 tysi\u0105ce [&hellip;]<\/p>\n","protected":false},"author":990004,"featured_media":0,"parent":0,"menu_order":0,"comment_status":"closed","ping_status":"closed","template":"","meta":{"footnotes":""},"class_list":["post-6486","page","type-page","status-publish","hentry"],"_links":{"self":[{"href":"https:\/\/koszur.net\/index.php\/wp-json\/wp\/v2\/pages\/6486","targetHints":{"allow":["GET"]}}],"collection":[{"href":"https:\/\/koszur.net\/index.php\/wp-json\/wp\/v2\/pages"}],"about":[{"href":"https:\/\/koszur.net\/index.php\/wp-json\/wp\/v2\/types\/page"}],"author":[{"embeddable":true,"href":"https:\/\/koszur.net\/index.php\/wp-json\/wp\/v2\/users\/990004"}],"replies":[{"embeddable":true,"href":"https:\/\/koszur.net\/index.php\/wp-json\/wp\/v2\/comments?post=6486"}],"version-history":[{"count":13,"href":"https:\/\/koszur.net\/index.php\/wp-json\/wp\/v2\/pages\/6486\/revisions"}],"predecessor-version":[{"id":7300,"href":"https:\/\/koszur.net\/index.php\/wp-json\/wp\/v2\/pages\/6486\/revisions\/7300"}],"wp:attachment":[{"href":"https:\/\/koszur.net\/index.php\/wp-json\/wp\/v2\/media?parent=6486"}],"curies":[{"name":"wp","href":"https:\/\/api.w.org\/{rel}","templated":true}]}}