{"id":5046,"date":"2020-04-11T20:07:12","date_gmt":"2020-04-11T18:07:12","guid":{"rendered":"https:\/\/koszur.net\/?page_id=5046"},"modified":"2021-11-04T21:32:48","modified_gmt":"2021-11-04T20:32:48","slug":"liga-morska","status":"publish","type":"page","link":"https:\/\/koszur.net\/index.php\/liga-morska\/","title":{"rendered":"Liga Morska"},"content":{"rendered":"<p>[vc_row][vc_column]<div class=\"sc_section\"><div class=\"sc_section_inner\"><div class=\"columns_wrap sc_columns columns_nofluid sc_columns_count_2\"><div class=\"column-1_2 sc_column_item sc_column_item_1 odd first\">[vc_gallery interval=&#8221;5&#8243; images=&#8221;5049,5048&#8243; img_size=&#8221;large&#8221; onclick=&#8221;img_link_large&#8221; custom_links_target=&#8221;_blank&#8221; title=&#8221;Liga Morska&#8221;]<\/div><div class=\"column-1_2 sc_column_item sc_column_item_2 even\">[vc_gallery interval=&#8221;3&#8243; images=&#8221;5437,5435,5436&#8243; img_size=&#8221;large&#8221; onclick=&#8221;img_link_large&#8221; custom_links_target=&#8221;_blank&#8221; title=&#8221;Liga Morska w Szczecinie 1945-1952&#8243;]<\/div><\/div>[vc_single_image image=&#8221;5443&#8243; img_size=&#8221;large&#8221; onclick=&#8221;img_link_large&#8221; img_link_target=&#8221;_blank&#8221; title=&#8221;Powr\u00f3t na l\u0105d &#8211; resocjalizacja pod \u017caglami Zycie Warszawy 1 sierpnia 1983&#8243;]<\/div><\/div>[\/vc_column][\/vc_row]<\/p>\n","protected":false},"excerpt":{"rendered":"<p>[vc_row][vc_column][\/vc_column][\/vc_row]<\/p>\n","protected":false},"author":990004,"featured_media":0,"parent":0,"menu_order":0,"comment_status":"closed","ping_status":"closed","template":"","meta":{"footnotes":""},"class_list":["post-5046","page","type-page","status-publish","hentry"],"_links":{"self":[{"href":"https:\/\/koszur.net\/index.php\/wp-json\/wp\/v2\/pages\/5046","targetHints":{"allow":["GET"]}}],"collection":[{"href":"https:\/\/koszur.net\/index.php\/wp-json\/wp\/v2\/pages"}],"about":[{"href":"https:\/\/koszur.net\/index.php\/wp-json\/wp\/v2\/types\/page"}],"author":[{"embeddable":true,"href":"https:\/\/koszur.net\/index.php\/wp-json\/wp\/v2\/users\/990004"}],"replies":[{"embeddable":true,"href":"https:\/\/koszur.net\/index.php\/wp-json\/wp\/v2\/comments?post=5046"}],"version-history":[{"count":13,"href":"https:\/\/koszur.net\/index.php\/wp-json\/wp\/v2\/pages\/5046\/revisions"}],"predecessor-version":[{"id":7283,"href":"https:\/\/koszur.net\/index.php\/wp-json\/wp\/v2\/pages\/5046\/revisions\/7283"}],"wp:attachment":[{"href":"https:\/\/koszur.net\/index.php\/wp-json\/wp\/v2\/media?parent=5046"}],"curies":[{"name":"wp","href":"https:\/\/api.w.org\/{rel}","templated":true}]}}