{"id":4987,"date":"2020-04-02T21:59:34","date_gmt":"2020-04-02T19:59:34","guid":{"rendered":"https:\/\/koszur.net\/?page_id=4987"},"modified":"2021-11-05T15:41:09","modified_gmt":"2021-11-05T14:41:09","slug":"reportaze-radiowe","status":"publish","type":"page","link":"https:\/\/koszur.net\/index.php\/reportaze-radiowe\/","title":{"rendered":"Reporta\u017ce radiowe"},"content":{"rendered":"<p>[vc_row][vc_column]<div class=\"sc_section\"><div class=\"sc_section_inner\">[vc_separator border_width=&#8221;3&#8243;][vc_empty_space][vc_column_text]W tamtych czasach obowi\u0105zywa\u0142a zasada. Kiedy startowa\u0142a ta\u015bma &#8211; autor reporta\u017cu traci\u0142 prawo do g\u0142osu w przedstawianej sprawie. O randze, warsztatowej jako\u015bci i profesjonalizmie autora \u015bwiadczy\u0142a&#8230; cisza po wybrzmieniu ostatnich d\u017awi\u0119k\u00f3w z ta\u015bmy. Cisza w\u015br\u00f3d s\u0142uchaczy. Im d\u0142u\u017cej trwa\u0142a, tym li\u015bci w laurze dla reporta\u017cysty przybywa\u0142o.<\/p>\n<p>Radiowy reporta\u017c literacki by\u0142 najwy\u017csz\u0105 form\u0105 w tej sferze roboty radiowej. W ci\u0105gu 20 minut nale\u017ca\u0142o opowiedzie\u0107 ustami naszych bohater\u00f3w ich histori\u0119, epizod z \u017cycia, zaprezentowa\u0107 sylwetk\u0119 (portret radiowy). Im mniej w \u015bwiecie przedstawionym by\u0142o reportera, jego pyta\u0144, tym ilo\u015b\u0107 karat\u00f3w reporta\u017cu wzrasta\u0142a. Te dwadzie\u015bcia minut mia\u0142o by\u0107 wejrzeniem w inny wymiar, rz\u0105dz\u0105cy si\u0119 swoimi prawami, ale operuj\u0105cy wszystkimi atrybutami i \u015brodkami wyrazu dost\u0119pnymi dzie\u0142u literackiemu. Konstrukcja \u2013 nie, nie musia\u0142a by\u0107 dochowana jedno\u015b\u0107 miejsca i czasu. Dozwolone by\u0142y wszelkie zabiegi formalne w kszta\u0142towaniu narracji, budowaniu fabu\u0142y czy element\u00f3w akcji.<\/p>\n<p>Nikt nie powinien ani przez moment dostrzec ci\u0119cia ta\u015bmy, zachwiania rytmu opowie\u015bci, burz\u0105cych j\u0105 zabieg\u00f3w monta\u017cowych.<\/p>\n<p>Fantastycznym do\u015bwiadczeniem by\u0142o, kiedy siada\u0142em z boku, gdy bohater mojej opowie\u015bci zaczyna\u0142 ods\u0142uchiwanie audycji. Reakcja, mikro impulsy, a nade wszystko &#8211; skupienie. Cz\u0119sto &#8211; wzruszenie. Bywa\u0142o, \u017ce opowiadali o sprawach, kt\u00f3rych dramatyzm wyciska\u0142 \u0142zy z moich oczu, gdy utrwala\u0142em je na ta\u015bmie reporterskiego magnetofonu, ale musia\u0142em im kaza\u0107, by sp\u0142ywa\u0142y do wewn\u0105trz. Jemu nawet powieka nie drgn\u0119\u0142a. Kiedy jednak s\u0142ucha\u0142 w\u0142asnej opowie\u015bci &#8211; bywa\u0142o, p\u0142aka\u0142 jak dziecko. On z t\u0105 histori\u0105 \u017cy\u0142 od lat, ona by\u0142a w nim, rozpami\u0119tywa\u0142 j\u0105 ka\u017cdej nocy, ka\u017cdego dnia, po wielokro\u0107. Trzyma\u0142 j\u0105 na \u0142a\u0144cuchu. Kiedy jednak s\u0142ucha\u0142 jej z zewn\u0105trz, historii, kt\u00f3ra wyp\u0142ywa\u0142a z g\u0142o\u015bnika, jakby z innego \u017ar\u00f3d\u0142a i wymiaru &#8211; p\u0119ka\u0142y nerwy, eksplodowa\u0142a wra\u017cliwo\u015b\u0107.<\/p>\n<p>Katharsis? Cud przyjrzenia si\u0119 sobie, ale od drugiej strony lustra? Cz\u0142owiek jest w stanie kry\u0107 w sobie koszmary, kt\u00f3re p\u00f3ki tkwi\u0105 w nim \u2013 nie gro\u017c\u0105 mu ciosem, kt\u00f3rego nie by\u0142by w stanie wytrzyma\u0107.<\/p>\n<p>&nbsp;<\/p>\n<p>Niewiele z tych zapis\u00f3w przetrwa\u0142o do dzi\u015b. Najbardziej \u017ca\u0142uj\u0119 relacji z okresu II wojny \u015bwiatowej. Ale te\u017c tych z czas\u00f3w po\u2026 przetr\u0105ceniu. Po do\u015bwiadczeniach trudnych, bolesnych, tragicznych \u2013 dla nas, s\u0142uchaczy niekiedy niewyobra\u017calnych. Ale te\u017c wiele by\u0142o pogodnych i wr\u0119cz u\u015bmiechni\u0119tych. Miniu\u2026 Tak o nim m\u00f3wili koledzy z ulicy. Ryszard, laureata jednego z konkurs\u00f3w na pami\u0119tniki rodzinne. Ch\u0142opak schorowany, przykuty do w\u00f3zka. Nigdy nie spotka\u0142em cz\u0142owieka tak pe\u0142nego \u017cycia i rado\u015bci z ka\u017cdej jego chwili. Sterroryzowa\u0142 ulic\u0119, ba, po\u0142ow\u0119 dzielnicy, Ka\u017cdy si\u0119 z nim liczy\u0142, ka\u017cdy pomaga\u0142. Nie, nie dlatego, \u017ce by\u0142 kalek\u0105. Dlatego, \u017ce zara\u017ca\u0142 \u017cyciem, odchodz\u0105c ze \u015bwiata ka\u017cdego dnia coraz bardziej\u2026<\/p>\n<p>Mistrz iluzji, latarnik, samotny \u017ceglarz, pisarz, portowy robotnik, powojenny aktywista, pierwszy prezydent miasta, Alaskijczyk, dla kt\u00f3rego liczy\u0142a si\u0119 tylko Polska, kt\u00f3rej nie widzia\u0142, ale nauczy\u0142 si\u0119 j\u0119zyka, bo to j\u0119zyk jego ojca i matki, wielorybnik, szpieg, morderca, in\u017cynier-cwaniak, kilku malarzy, rze\u017abiarz z Czechos\u0142owacji, rosyjski muzykolog, g\u0142upi pianista, le\u015bnik, kt\u00f3ry w ci\u0105gu dwudziestu minut wypowiedzia\u0142 mo\u017ce sto s\u0142\u00f3w, ornitolog, nurkowie\u2026<\/p>\n<p>Gdyby te wszystkie ta\u015bmy sklei\u0107 w jedn\u0105 \u2013 to\u2026 Nie, inaczej. Gdyby wszystkie u\u0142o\u017cy\u0107 na talerzu magnetofonu i uruchomi\u0107 \u2013 wyrwaliby\u015bmy z przesz\u0142o\u015bci miniony czas, ludzi i sprawy, ci\u0105gle \u017cywe w wymiarze d\u017awi\u0119kowym.<\/p>\n<p>&nbsp;<\/p>\n<p>[\/vc_column_text]<ul class=\"sc_list sc_list_style_ul\"><li class=\"sc_list_item odd first\" title=\"radio\">radio<\/li><li class=\"sc_list_item even\"><\/li><\/ul><\/div><\/div>[vc_single_image image=&#8221;4997&#8243; img_size=&#8221;full&#8221; onclick=&#8221;img_link_large&#8221; img_link_target=&#8221;_blank&#8221;][vc_empty_space][vc_text_separator title=&#8221;A gdyby\u015b Ty wzi\u0105\u0142 mikrofon do r\u0119ki?&#8221; i_icon_fontawesome=&#8221;fa fa-microphone&#8221; border_width=&#8221;3&#8243; add_icon=&#8221;true&#8221;][vc_empty_space]\n<div class=\"wpcf7 no-js\" id=\"wpcf7-f7212-o1\" lang=\"pl-PL\" dir=\"ltr\" data-wpcf7-id=\"7212\">\n<div class=\"screen-reader-response\"><p role=\"status\" aria-live=\"polite\" aria-atomic=\"true\"><\/p> <ul><\/ul><\/div>\n<form action=\"\/index.php\/wp-json\/wp\/v2\/pages\/4987#wpcf7-f7212-o1\" method=\"post\" class=\"wpcf7-form init\" aria-label=\"Formularz kontaktowy\" novalidate=\"novalidate\" data-status=\"init\">\n<fieldset class=\"hidden-fields-container\"><input type=\"hidden\" name=\"_wpcf7\" value=\"7212\" \/><input type=\"hidden\" name=\"_wpcf7_version\" value=\"6.1.5\" \/><input type=\"hidden\" name=\"_wpcf7_locale\" value=\"pl_PL\" \/><input type=\"hidden\" name=\"_wpcf7_unit_tag\" value=\"wpcf7-f7212-o1\" \/><input type=\"hidden\" name=\"_wpcf7_container_post\" value=\"0\" \/><input type=\"hidden\" name=\"_wpcf7_posted_data_hash\" value=\"\" \/><input type=\"hidden\" name=\"_wpcf7_recaptcha_response\" value=\"\" \/>\n<\/fieldset>\n<div class=\"form_info\">\n\t<p><span class=\"wpcf7-form-control-wrap\" data-name=\"text-173\"><input size=\"40\" maxlength=\"400\" class=\"wpcf7-form-control wpcf7-text wpcf7-validates-as-required\" aria-required=\"true\" aria-invalid=\"false\" placeholder=\"Imie i nazwisko*\" value=\"\" type=\"text\" name=\"text-173\" \/><\/span><span class=\"wpcf7-form-control-wrap\" data-name=\"email-273\"><input size=\"40\" maxlength=\"400\" class=\"wpcf7-form-control wpcf7-email wpcf7-validates-as-required wpcf7-text wpcf7-validates-as-email\" aria-required=\"true\" aria-invalid=\"false\" placeholder=\"E-mail*\" value=\"\" type=\"email\" name=\"email-273\" \/><\/span>\n\t<\/p>\n<\/div>\n<div class=\"form_subject\">\n\t<p><span class=\"wpcf7-form-control-wrap\" data-name=\"your-subject\"><input size=\"40\" maxlength=\"400\" class=\"wpcf7-form-control wpcf7-text\" aria-invalid=\"false\" placeholder=\"Temat\" value=\"\" type=\"text\" name=\"your-subject\" \/><\/span>\n\t<\/p>\n<\/div>\n<p><span class=\"wpcf7-form-control-wrap\" data-name=\"textarea-472\"><textarea cols=\"40\" rows=\"10\" maxlength=\"2000\" class=\"wpcf7-form-control wpcf7-textarea wpcf7-validates-as-required\" aria-required=\"true\" aria-invalid=\"false\" placeholder=\"Message\" name=\"textarea-472\"><\/textarea><\/span><br \/>\n<span class=\"wpcf7-form-control-wrap\" data-name=\"acceptance-381\"><span class=\"wpcf7-form-control wpcf7-acceptance\"><span class=\"wpcf7-list-item\"><label><input type=\"checkbox\" name=\"acceptance-381\" value=\"1\" aria-invalid=\"false\" \/><span class=\"wpcf7-list-item-label\">Wyra\u017cam zgod\u0119 na gromadzenie i przechowywanie moich danych adresowych na potrzeby tej korespondencji.<\/span><\/label><\/span><\/span><\/span>\n<\/p>\n<div class=\"form_button\">\n\t<p><input class=\"wpcf7-form-control wpcf7-submit has-spinner\" type=\"submit\" value=\"Wysy\u0142am\" \/>\n\t<\/p>\n<\/div><div class=\"wpcf7-response-output\" aria-hidden=\"true\"><\/div>\n<\/form>\n<\/div>\n[\/vc_column][\/vc_row]<\/p>\n","protected":false},"excerpt":{"rendered":"<p>[vc_row][vc_column][vc_single_image image=&#8221;4997&#8243; img_size=&#8221;full&#8221; onclick=&#8221;img_link_large&#8221; img_link_target=&#8221;_blank&#8221;][vc_empty_space][vc_text_separator title=&#8221;A gdyby\u015b Ty wzi\u0105\u0142 mikrofon do r\u0119ki?&#8221; i_icon_fontawesome=&#8221;fa fa-microphone&#8221; border_width=&#8221;3&#8243; add_icon=&#8221;true&#8221;][vc_empty_space][\/vc_column][\/vc_row]<\/p>\n","protected":false},"author":990004,"featured_media":4991,"parent":0,"menu_order":0,"comment_status":"closed","ping_status":"closed","template":"","meta":{"footnotes":""},"class_list":["post-4987","page","type-page","status-publish","has-post-thumbnail","hentry"],"_links":{"self":[{"href":"https:\/\/koszur.net\/index.php\/wp-json\/wp\/v2\/pages\/4987","targetHints":{"allow":["GET"]}}],"collection":[{"href":"https:\/\/koszur.net\/index.php\/wp-json\/wp\/v2\/pages"}],"about":[{"href":"https:\/\/koszur.net\/index.php\/wp-json\/wp\/v2\/types\/page"}],"author":[{"embeddable":true,"href":"https:\/\/koszur.net\/index.php\/wp-json\/wp\/v2\/users\/990004"}],"replies":[{"embeddable":true,"href":"https:\/\/koszur.net\/index.php\/wp-json\/wp\/v2\/comments?post=4987"}],"version-history":[{"count":8,"href":"https:\/\/koszur.net\/index.php\/wp-json\/wp\/v2\/pages\/4987\/revisions"}],"predecessor-version":[{"id":7312,"href":"https:\/\/koszur.net\/index.php\/wp-json\/wp\/v2\/pages\/4987\/revisions\/7312"}],"wp:featuredmedia":[{"embeddable":true,"href":"https:\/\/koszur.net\/index.php\/wp-json\/wp\/v2\/media\/4991"}],"wp:attachment":[{"href":"https:\/\/koszur.net\/index.php\/wp-json\/wp\/v2\/media?parent=4987"}],"curies":[{"name":"wp","href":"https:\/\/api.w.org\/{rel}","templated":true}]}}