{"id":3524,"date":"2020-02-18T18:46:36","date_gmt":"2020-02-18T17:46:36","guid":{"rendered":"http:\/\/koszur.net\/?page_id=3524"},"modified":"2021-11-09T21:21:41","modified_gmt":"2021-11-09T20:21:41","slug":"datownik","status":"publish","type":"page","link":"https:\/\/koszur.net\/index.php\/datownik\/","title":{"rendered":"Datownik"},"content":{"rendered":"<p>[vc_row][vc_column]<div class=\"sc_section\"><div class=\"sc_section_inner\">[vc_single_image image=&#8221;4929&#8243; img_size=&#8221;full&#8221; onclick=&#8221;img_link_large&#8221; img_link_target=&#8221;_blank&#8221;][vc_empty_space][vc_separator border_width=&#8221;3&#8243;][vc_empty_space][vc_column_text]Uk\u0142ad gwiazd, planet i galaktyk ma bezwzgl\u0119dny wp\u0142yw na nasze \u017cycie. To bana\u0142 i oczywisto\u015b\u0107. Ka\u017cdy ich uk\u0142ad, zapami\u0119tany i opisany, staje si\u0119 pocz\u0105tkiem ci\u0105gu zdarze\u0144&#8230; powtarzalnych. Owo nacechowanie to &#8211; datownik.<\/p>\n<p>Ale czy relacje mi\u0119dzy nami maj\u0105 wp\u0142yw na niebosk\u0142on w ca\u0142ym jego wymiarze?<\/p>\n<p>S\u0142ynne machni\u0119cie skrzyde\u0142 motyla to klasyka teorii chaosu deterministycznego. Fascynuj\u0105ce, nieprawda\u017c? Przewidywalny, ba \u2013 mo\u017ce nawet w niedocenianym przez nas powszechnie zakresie \u2013 jest to mechanizm\u2026 programowalny!?<\/p>\n<p>Je\u015bli zatem trzy raz oblubnie zatrzepocz\u0119 rz\u0119sami do s\u0105siadki z naprzeciwka, to za tydzie\u0144 ocieli si\u0119 lodowiec w Svalbardzie, spadn\u0105 ceny na tenis\u00f3wki w Chinach, a na Wyspach \u015aw. Tomasza spadnie deszcz bardziej obfity ni\u017c zazwyczaj\u2026<\/p>\n<p>To nie s\u0105 \u017carty.<\/p>\n<p>To s\u0105 matematycznie potwierdzone fakty i prawid\u0142owo\u015bci. Ino nasz pszenno-buraczany umys\u0142 nie chce tych proces\u00f3w dostrzega\u0107, wi\u0105za\u0107, analizowa\u0107 a w konsekwencji \u2013 prognozowa\u0107 i programowa\u0107.<\/p>\n<p>Hm&#8230; Ale jak zrobi\u0107, by rzucony przez nas bumerang poszybowa\u0142 nad Sahar\u0119, zmieni\u0142 struktur\u0119 fraktali z lok\u00f3w w\u00f3d zimnych i ciep\u0142ych, nap\u0119dzanych zbli\u017caj\u0105cym si\u0119 ni\u017cem znad Wysp Azorskich w taki spos\u00f3b, aby rzeczona s\u0105siadka wysz\u0142a na ganek, kiedy i ja wychodz\u0119\u2026<\/p>\n<p>Do\u015b\u0107 \u017cart\u00f3w.<\/p>\n<p>Przyzna\u0142em kiedy\u015b, \u017ce uwielbiam stare gazety. I zbieram je. Wol\u0119 po stokro\u0107 bardziej si\u0119gn\u0105\u0107 po dziennik czy tygodnik sprzed 120 lat ni\u017c wertowa\u0107 najnowsze wydanie porannej gazety. Szperaj\u0105c w antykwarycznych zasobach zawsze celuj\u0119 w datownik &#8211; z kiedy jest ta gazeta?<\/p>\n<p>To proste. Czytaj\u0105c o tym, co wydarzy\u0142o si\u0119 p\u00f3\u0142 wieku temu i jak owo wydarzenie oceniano, jakie z nim wi\u0105zano nadziej\u0119 \u2013 dzi\u015b wiem, jakie owo wydarzenie zrodzi\u0142o skutki. Na tej podstawie buduj\u0119 w sobie system warto\u015bciowania i oceniania bie\u017c\u0105cych zdarze\u0144, a konkretnie &#8211; ich ewentualnych skutk\u00f3w w przysz\u0142o\u015bci.<\/p>\n<p>Dzi\u015b 1 kwietnia. Ale nikomu wok\u00f3\u0142 nie jest do \u015bmiechu. A czy kiedy\u015b by\u0142o inaczej?<\/p>\n<p><!--more--><\/p>\n<p>Sprawdzam. Oto tygodnik \u2018Polityka\u2019, nr 14 (1257), Rok XXV, z dnia 4 kwietnia 1981 roku. 39 lat temu. Powy\u017cej \u2013 fotografia gazety z publikowanym wyst\u0105pieniem Mieczys\u0142awa F. Rakowskiego na IX Plenum KC PZPR. ODWR\u00d3CI\u0106 FATALNY BIEG ZDARZE\u0143. Obok fotografia Roberta Choi\u0144skiego, ucznia Zasadniczej Szko\u0142y Samochodowej nr 1 w Warszawie \u2013 Jak\u0105 Polsk\u0119 maj\u0105 kocha\u0107 uczniowie? (artyku\u0142 Stanis\u0142awa Bortnowskiego). Foto. Tadeusz Po\u017aniak. I wreszcie jak zawsze trafny, publicystycznie wysycony rysunek Szymona Kobyli\u0144skiego. M\u0119\u017cczyzna przed lustrem, z min\u0105 zatroskan\u0105, z przera\u017ceniem i strachem w oczach, niepewno\u015bci\u0105 na ustach, ze zmarszczonym czo\u0142em: Nie mam odwagi powiedzie\u0107 sobie prawdy.<\/p>\n<p>Powie kto\u015b \u2013 stare teksty, nieaktualne\u2026 Mo\u017ce. Nie twierdz\u0119, \u017ce i tak mo\u017ce by\u0107. Ale wrodzona przekora nakazuje mi rzuci\u0107 okiem na pierwszy z materia\u0142\u00f3w.<\/p>\n<p>Rakowski pisa\u0142: Jestem przekonany, \u017ce nad nasz\u0105 ojczyzn\u0105 (pisownia oryginalna \u2013 podkr. MK) zawis\u0142o wielkie niebezpiecze\u0144stwo. Kraj pogr\u0105\u017ca si\u0119 w kryzysie gospodarczym i politycznym. Struktury w\u0142adzy ulegaj\u0105 erozji z r\u00f3\u017cnych przyczyn, przede wszystkim, jestem o tym przekonany, z powodu naszej nieudolno\u015bci, a tak\u017ce niezdolno\u015bci do porzucenia tradycyjnych metod rz\u0105dzenia oraz r\u00f3\u017cnorodnych opor\u00f3w nie pozwalaj\u0105cych na pogodzenie si\u0119 z rzeczywisto\u015bci\u0105.<\/p>\n<p>Za\u015b g\u0142\u00f3wna cech\u0105 tej rzeczywisto\u015bci jest nadzwyczaj g\u0142\u0119boki kryzys zaufania spo\u0142ecze\u0144stwa do partii, kryzys nadal utrzymuj\u0105cy si\u0119. Kryzys zaufania do jej kierowniczych organ\u00f3w wszystkich szczebli, zreszt\u0105 mo\u017ce nie tyle do partii, ten kryzys przejawia si\u0119 nie w stosunku doi socjalizmu w og\u00f3le, lecz do metod stosowanych w kierowaniu rozwojem spo\u0142ecznym i gospodarczym kraju.<\/p>\n<p>Czy ten tekst m\u00f3g\u0142by znale\u017a\u0107 si\u0119 w tego tygodniowym wydaniu \u2018Polityki\u2019?<\/p>\n<p>Jaka wi\u0119c nauka p\u0142ynie z moich upodoba\u0144 do starych gazet? Ano taka, \u017c w\u0142adza nigdy si\u0119 ze spo\u0142ecze\u0144stwem nie porozumie. Robi\u0107 b\u0119dzie wszystko, by nie spe\u0142nia\u0107 spo\u0142ecznych oczekiwa\u0144. A obiecywa\u0142a. Przyrzeka\u0142a. Podejmowa\u0142a zobowi\u0105zania. I tak trwa ten kontredans w cyklu wyborczym co kilka lat. Zmienimy, poprawimy, damy, przydzielimy, zaspokoimy\u2026<\/p>\n<p>Sobie.<\/p>\n<p>Po co wi\u0119c tworzy\u0107 zak\u0142adk\u0119, jak ta, po co pisa\u0107 teksty jak ten? Z emocjonalno-intelektualnego niedoboru, deficytu wiary w przysz\u0142o\u015b\u0107, przekonania, \u017ce dane s\u0142owo stanie si\u0119 faktem? \u017be stawiaj\u0105c datownik oznaczam co \u015b wyj\u0105tkowego?<\/p>\n<p>Z szopy s\u0105siada wysz\u0142a w\u0142a\u015bnie kotka. Jest w stanie b\u0142ogos\u0142awionym. Idzie oczywi\u015bcie pod moje okna. Idzie godnie, ufna, ale pe\u0142na rezerwy i dystansu. Nigdy nie pozwoli\u0142a mi si\u0119 dotkn\u0105\u0107. Nie to co w\u0142adza. Pog\u0142aszcze, popie\u015bci, utuli, uko\u0142ysze. U\u0142o\u017cy wygodnie\u2026 I przywali.<\/p>\n<p>Kotka przyliza\u0142a jedn\u0105 \u0142ap\u0119, musn\u0119\u0142a j\u0119zyczkiem kszta\u0142tny biu\u015bcik pokryty lu\u017ano zarzuconym pasem bia\u0142ej sier\u015bci i posz\u0142a dalej. Ju\u017c jest u mnie. Patrzy i widzi, \u017ce i ja j\u0105 widz\u0119. Siada, jak zawsze, w tym samym miejscu i przez chwil\u0119 patrzy gdzie\u015b, ponad moim prawym ramieniem. Dyskretnie ruszy\u0142a pyszczkiem, u\u0142o\u017cy\u0142a go w ciup i siedzi. Spokojna. Wyluzowana. Ufna.<\/p>\n<p>Ja tymczasem goni\u0119 do ko\u0144ca linijki tego tekstu, ju\u017c si\u0119 unosz\u0119 z fotela, by pobiec na ganek z torebk\u0105 kolorowych groszk\u00f3w dla mojej Lady\u2026<\/p>\n<p>Oczywi\u015bcie, czuj\u0119 si\u0119 winny, \u017ce ona czeka\u0142a, dlatego sypn\u0119 jej wi\u0119cej.<\/p>\n<p>Poczuj\u0119 si\u0119 lepiej, wszak da\u0142em jej wyra\u017any znak, \u017ce o ni\u0105 dbam i si\u0119 troszcz\u0119\u2026<\/p>\n<p>A ona? Wycieruska i pow\u0142\u00f3czyd\u0142o? Nie zjad\u0142a dok\u0142adki. Tylko tyle ile chcia\u0142a. Nic wi\u0119cej\u2026<\/p>\n<p>C\u00f3\u017c za niewdzi\u0119czno\u015b\u0107\u2026 Taka sama jak postawa idealnego spo\u0142ecze\u0144stwa. Ona chce, \u017cebym da\u0142 jej to co si\u0119 jej nale\u017cy, tyle ile trzeba, szybko i bez wst\u0119pnych warunk\u00f3w. Obliza\u0142a si\u0119 bezceremonialnie, odwr\u00f3ci\u0142a na pi\u0119cie z nadziej\u0105, \u017ce nie sp\u00f3\u017ani\u0119 si\u0119 z porcj\u0105 popo\u0142udniow\u0105.<\/p>\n<p>Ca\u0142e szcz\u0119\u015bcie, \u017ce instytucja ko\u015bcio\u0142a piel\u0119gnuje i kultywuje w\u0142a\u015bciwy porz\u0105dek i relacje mi\u0119dzy owc\u0105 i pasterzem.<\/p>\n<p>Siedzia\u0142em, kiedy\u015b na kamieniach w Qumran. Odpocz\u0105\u0142em w samotni Hieronima, tego od Biblii\u2026 Tak \u017cyli, tak mieszkali, takich zasad przestrzegali, byli w prze\u015bladowanej mniejszo\u015bci, \u017cywe w nich by\u0142o wspomnienie Golgoty, gdzie brodzili w strumieniach krwi sp\u0142ywaj\u0105cej spod krzy\u017ca.<\/p>\n<p>Dzi\u015b ich plenipotentariusze \u2013 w o\u015blepiaj\u0105cych biel\u0105, wykrochmalonych ko\u0142nierzykach, z b\u00f3lem kr\u0119gos\u0142upa od ci\u0119\u017caru z\u0142oce\u0144 na szatach, wznosz\u0105cy nad g\u0142ow\u0119 kszta\u0142tnie uformowane z\u0142oto wype\u0142nione wytrawnym winem (hm\u2026 ciekawe, co j\u0119zykowo ma wsp\u00f3lnego wino z win\u0105) wypowiadaj\u0105 najwa\u017cniejsze s\u0142owa o chlebie z cia\u0142a i winie z krwi\u2026 Skromni s\u0142udzy\u2026<\/p>\n<p>Kotka w\u0142a\u015bnie przemaszerowa\u0142a przed moim oknem. A poniewa\u017c wyjrza\u0142o na moment s\u0142o\u0144ce, idzie w kierunku sterty poremontowych desek. Ma tam male\u0144k\u0105 dacz\u0119. Nasycona, zadowolona z panuj\u0105cej jej (mnie nad ni\u0105) mojej w\u0142adzy, legnie na s\u0142o\u0144cu w b\u0142ogim nic nier\u00f3bstwie. \u00a0Czysty raj\u2026 \u0141ad i porz\u0105dek. W\u0142adza i lud na swoich miejscach\u2026 O, znasz li ten kraj? No, mam nadziej\u0119, \u017ce mo\u017ce, kiedy\u015b,\u00a0 gdzie\u015b\u2026 Ale przystawiam datownik, by szuka\u0107 w przysz\u0142o\u015bci, tera\u017aniejszo\u015bci i przysz\u0142o\u015bci tego co w\u0142a\u015bnie uj\u0105\u0142em w datownik.[\/vc_column_text]<\/div><\/div>[\/vc_column][\/vc_row][vc_row][vc_column][vc_empty_space][vc_separator border_width=&#8221;3&#8243;][vc_empty_space][evc_blog_list type=&#8221;gallery&#8221; number_of_columns=&#8221;one&#8221; pagination_type=&#8221;load-more&#8221; image_proportions=&#8221;large&#8221; title_tag=&#8221;h1&#8243; button_type=&#8221;fill-line&#8221; number_of_posts=&#8221;15&#8243; excerpt_length=&#8221;300&#8243; category=&#8221;datownik&#8221; button_text=&#8221;Chcesz wi\u0119cej? Napisz!&#8221; button_font_size=&#8221;30&#8243; button_color=&#8221;#e909ed&#8221; button_line_color=&#8221;#f77a0c&#8221;][vc_empty_space][vc_text_separator title=&#8221;Masz trzy grosze? Dorzu\u0107 tutaj!&#8221; border_width=&#8221;3&#8243;][vc_empty_space]\n<div class=\"wpcf7 no-js\" id=\"wpcf7-f7212-o1\" lang=\"pl-PL\" dir=\"ltr\" data-wpcf7-id=\"7212\">\n<div class=\"screen-reader-response\"><p role=\"status\" aria-live=\"polite\" aria-atomic=\"true\"><\/p> <ul><\/ul><\/div>\n<form action=\"\/index.php\/wp-json\/wp\/v2\/pages\/3524#wpcf7-f7212-o1\" method=\"post\" class=\"wpcf7-form init\" aria-label=\"Formularz kontaktowy\" novalidate=\"novalidate\" data-status=\"init\">\n<fieldset class=\"hidden-fields-container\"><input type=\"hidden\" name=\"_wpcf7\" value=\"7212\" \/><input type=\"hidden\" name=\"_wpcf7_version\" value=\"6.1.5\" \/><input type=\"hidden\" name=\"_wpcf7_locale\" value=\"pl_PL\" \/><input type=\"hidden\" name=\"_wpcf7_unit_tag\" value=\"wpcf7-f7212-o1\" \/><input type=\"hidden\" name=\"_wpcf7_container_post\" value=\"0\" \/><input type=\"hidden\" name=\"_wpcf7_posted_data_hash\" value=\"\" \/><input type=\"hidden\" name=\"_wpcf7_recaptcha_response\" value=\"\" \/>\n<\/fieldset>\n<div class=\"form_info\">\n\t<p><span class=\"wpcf7-form-control-wrap\" data-name=\"text-173\"><input size=\"40\" maxlength=\"400\" class=\"wpcf7-form-control wpcf7-text wpcf7-validates-as-required\" aria-required=\"true\" aria-invalid=\"false\" placeholder=\"Imie i nazwisko*\" value=\"\" type=\"text\" name=\"text-173\" \/><\/span><span class=\"wpcf7-form-control-wrap\" data-name=\"email-273\"><input size=\"40\" maxlength=\"400\" class=\"wpcf7-form-control wpcf7-email wpcf7-validates-as-required wpcf7-text wpcf7-validates-as-email\" aria-required=\"true\" aria-invalid=\"false\" placeholder=\"E-mail*\" value=\"\" type=\"email\" name=\"email-273\" \/><\/span>\n\t<\/p>\n<\/div>\n<div class=\"form_subject\">\n\t<p><span class=\"wpcf7-form-control-wrap\" data-name=\"your-subject\"><input size=\"40\" maxlength=\"400\" class=\"wpcf7-form-control wpcf7-text\" aria-invalid=\"false\" placeholder=\"Temat\" value=\"\" type=\"text\" name=\"your-subject\" \/><\/span>\n\t<\/p>\n<\/div>\n<p><span class=\"wpcf7-form-control-wrap\" data-name=\"textarea-472\"><textarea cols=\"40\" rows=\"10\" maxlength=\"2000\" class=\"wpcf7-form-control wpcf7-textarea wpcf7-validates-as-required\" aria-required=\"true\" aria-invalid=\"false\" placeholder=\"Message\" name=\"textarea-472\"><\/textarea><\/span><br \/>\n<span class=\"wpcf7-form-control-wrap\" data-name=\"acceptance-381\"><span class=\"wpcf7-form-control wpcf7-acceptance\"><span class=\"wpcf7-list-item\"><label><input type=\"checkbox\" name=\"acceptance-381\" value=\"1\" aria-invalid=\"false\" \/><span class=\"wpcf7-list-item-label\">Wyra\u017cam zgod\u0119 na gromadzenie i przechowywanie moich danych adresowych na potrzeby tej korespondencji.<\/span><\/label><\/span><\/span><\/span>\n<\/p>\n<div class=\"form_button\">\n\t<p><input class=\"wpcf7-form-control wpcf7-submit has-spinner\" type=\"submit\" value=\"Wysy\u0142am\" \/>\n\t<\/p>\n<\/div><div class=\"wpcf7-response-output\" aria-hidden=\"true\"><\/div>\n<\/form>\n<\/div>\n[vc_empty_space][\/vc_column][\/vc_row]<\/p>\n","protected":false},"excerpt":{"rendered":"<p>[vc_row][vc_column][vc_single_image image=&#8221;4929&#8243; img_size=&#8221;full&#8221; onclick=&#8221;img_link_large&#8221; img_link_target=&#8221;_blank&#8221;][vc_empty_space][vc_separator border_width=&#8221;3&#8243;][vc_empty_space][vc_column_text]Uk\u0142ad gwiazd, planet i galaktyk ma bezwzgl\u0119dny wp\u0142yw na nasze \u017cycie. To bana\u0142 i oczywisto\u015b\u0107. Ka\u017cdy ich uk\u0142ad, zapami\u0119tany i opisany, staje si\u0119 pocz\u0105tkiem ci\u0105gu zdarze\u0144&#8230; powtarzalnych. Owo nacechowanie to &#8211; datownik. Ale czy relacje mi\u0119dzy nami maj\u0105 wp\u0142yw na niebosk\u0142on w ca\u0142ym jego wymiarze? S\u0142ynne machni\u0119cie skrzyde\u0142 motyla to [&hellip;]<\/p>\n","protected":false},"author":990004,"featured_media":6117,"parent":0,"menu_order":0,"comment_status":"closed","ping_status":"closed","template":"","meta":{"footnotes":""},"class_list":["post-3524","page","type-page","status-publish","has-post-thumbnail","hentry"],"_links":{"self":[{"href":"https:\/\/koszur.net\/index.php\/wp-json\/wp\/v2\/pages\/3524","targetHints":{"allow":["GET"]}}],"collection":[{"href":"https:\/\/koszur.net\/index.php\/wp-json\/wp\/v2\/pages"}],"about":[{"href":"https:\/\/koszur.net\/index.php\/wp-json\/wp\/v2\/types\/page"}],"author":[{"embeddable":true,"href":"https:\/\/koszur.net\/index.php\/wp-json\/wp\/v2\/users\/990004"}],"replies":[{"embeddable":true,"href":"https:\/\/koszur.net\/index.php\/wp-json\/wp\/v2\/comments?post=3524"}],"version-history":[{"count":14,"href":"https:\/\/koszur.net\/index.php\/wp-json\/wp\/v2\/pages\/3524\/revisions"}],"predecessor-version":[{"id":7396,"href":"https:\/\/koszur.net\/index.php\/wp-json\/wp\/v2\/pages\/3524\/revisions\/7396"}],"wp:featuredmedia":[{"embeddable":true,"href":"https:\/\/koszur.net\/index.php\/wp-json\/wp\/v2\/media\/6117"}],"wp:attachment":[{"href":"https:\/\/koszur.net\/index.php\/wp-json\/wp\/v2\/media?parent=3524"}],"curies":[{"name":"wp","href":"https:\/\/api.w.org\/{rel}","templated":true}]}}